{"id":9317,"date":"2024-11-19T12:48:52","date_gmt":"2024-11-19T11:48:52","guid":{"rendered":"https:\/\/centre-innovation-sociale-ecologique.essec.edu\/?page_id=9317"},"modified":"2024-11-20T15:37:49","modified_gmt":"2024-11-20T14:37:49","slug":"soiree-de-lancement-du-livre-de-julie-battilana","status":"publish","type":"page","link":"https:\/\/centre-innovation-sociale-ecologique.essec.edu\/index.php\/ressources-pour-agir\/soiree-de-lancement-du-livre-de-julie-battilana\/","title":{"rendered":"Soir\u00e9e de lancement du livre de Julie Battilana"},"content":{"rendered":"<p>[et_pb_section fb_built=\u00a0\u00bb1&Prime; admin_label=\u00a0\u00bbsection\u00a0\u00bb _builder_version=\u00a0\u00bb4.21.0&Prime; global_colors_info=\u00a0\u00bb{}\u00a0\u00bb][et_pb_row _builder_version=\u00a0\u00bb4.21.0&Prime; _module_preset=\u00a0\u00bbdefault\u00a0\u00bb min_height=\u00a0\u00bb47.2px\u00a0\u00bb custom_margin=\u00a0\u00bb-6px|auto||auto||\u00a0\u00bb global_colors_info=\u00a0\u00bb{}\u00a0\u00bb][et_pb_column type=\u00a0\u00bb4_4&Prime; _builder_version=\u00a0\u00bb4.21.0&Prime; _module_preset=\u00a0\u00bbdefault\u00a0\u00bb global_colors_info=\u00a0\u00bb{}\u00a0\u00bb][et_pb_text _builder_version=\u00a0\u00bb4.21.0&Prime; _module_preset=\u00a0\u00bbdefault\u00a0\u00bb global_colors_info=\u00a0\u00bb{}\u00a0\u00bb]<\/p>\n<h3><strong><span style=\"color: #008080;\">Le pouvoir, une responsabilit\u00e9 \u00e0 partager et \u00e0 assumer ?<\/span><\/strong><\/h3>\n<p><strong><span style=\"color: #008080;\">Conf\u00e9rence donn\u00e9e par Julie Battilana le 10 octobre 2024 \u00e0 l&rsquo;Ecole des Mines<\/span><\/strong><\/p>\n<p>[\/et_pb_text][\/et_pb_column][\/et_pb_row][et_pb_row column_structure=\u00a0\u00bb2_5,3_5&Prime; admin_label=\u00a0\u00bbrow\u00a0\u00bb _builder_version=\u00a0\u00bb4.16&Prime; background_size=\u00a0\u00bbinitial\u00a0\u00bb background_position=\u00a0\u00bbtop_left\u00a0\u00bb background_repeat=\u00a0\u00bbrepeat\u00a0\u00bb min_height=\u00a0\u00bb190.1px\u00a0\u00bb custom_margin=\u00a0\u00bb|auto|-32px|auto||\u00a0\u00bb global_colors_info=\u00a0\u00bb{}\u00a0\u00bb][et_pb_column type=\u00a0\u00bb2_5&Prime; _builder_version=\u00a0\u00bb4.16&Prime; custom_padding=\u00a0\u00bb|||\u00a0\u00bb global_colors_info=\u00a0\u00bb{}\u00a0\u00bb custom_padding__hover=\u00a0\u00bb|||\u00a0\u00bb][et_pb_image src=\u00a0\u00bbhttps:\/\/centre-innovation-sociale-ecologique.essec.edu\/wp-content\/uploads\/2024\/10\/DSC01988-scaled.jpg\u00a0\u00bb title_text=\u00a0\u00bbDSC01988&Prime; _builder_version=\u00a0\u00bb4.21.0&Prime; _module_preset=\u00a0\u00bbdefault\u00a0\u00bb width=\u00a0\u00bb93.4%\u00a0\u00bb min_height=\u00a0\u00bb385.4px\u00a0\u00bb custom_padding=\u00a0\u00bb|86px|1px|||\u00a0\u00bb global_colors_info=\u00a0\u00bb{}\u00a0\u00bb][\/et_pb_image][\/et_pb_column][et_pb_column type=\u00a0\u00bb3_5&Prime; _builder_version=\u00a0\u00bb4.16&Prime; custom_padding=\u00a0\u00bb|||\u00a0\u00bb global_colors_info=\u00a0\u00bb{}\u00a0\u00bb custom_padding__hover=\u00a0\u00bb|||\u00a0\u00bb][et_pb_text _builder_version=\u00a0\u00bb4.21.0&Prime; _module_preset=\u00a0\u00bbdefault\u00a0\u00bb width=\u00a0\u00bb100%\u00a0\u00bb custom_padding=\u00a0\u00bb|||0px||\u00a0\u00bb global_colors_info=\u00a0\u00bb{}\u00a0\u00bb]<\/p>\n<p style=\"text-align: justify;\"><span style=\"font-weight: 400;\">Lors d&rsquo;une conf\u00e9rence donn\u00e9e \u00e0 l\u2019\u00c9cole des Mines de Paris, Julie Battilana, professeur d\u2019innovation sociale \u00e0 l\u2019universit\u00e9 Harvard, a pr\u00e9sent\u00e9 les grandes lignes de son ouvrage <\/span><b>\u00ab\u00a0Le Pouvoir, pour Tous !\u00a0\u00bb<\/b><span style=\"font-weight: 400;\">, co-\u00e9crit avec Tiziana Casciaro.<\/span><\/p>\n<p style=\"text-align: justify;\"><span style=\"font-weight: 400;\">En s\u2019appuyant sur la recherche acad\u00e9mique, les autrices montrent que le pouvoir n\u2019est pas une affaire de caract\u00e9ristiques individuelles intrins\u00e8ques et n\u2019est pas r\u00e9serv\u00e9 \u00e0 ceux et celles qui viennent de groupes sociaux privil\u00e9gi\u00e9s (qui d\u00e9tiennent donc d\u00e9j\u00e0 du pouvoir). \u00c0 rebours d\u2019une vision du pouvoir comme lointain, myst\u00e9rieux et inatteignable, elles montrent que toute personne a la possibilit\u00e9 d\u2019influencer le cours des choses.<\/span><\/p>\n<p style=\"text-align: justify;\"><span style=\"font-weight: 400;\">Julie Battilana a donc principalement insist\u00e9 lors de son intervention sur le <\/span><b>\u201cmode d\u2019emploi\u201d<\/b><span style=\"font-weight: 400;\"> du pouvoir. Pour elle, conqu\u00e9rir du pouvoir dans un secteur donn\u00e9 \u2014 c\u2019est-\u00e0-dire de la capacit\u00e9 d\u2019influence \u2014 passe par une <\/span><b>cartographie des acteurs <\/b><span style=\"font-weight: 400;\">qui d\u00e9tiennent l\u2019<\/span><b>acc\u00e8s aux ressources<\/b><span style=\"font-weight: 400;\"> et les objectifs de ces derniers. \u00c0 partir de ce travail de rep\u00e9rage, les leviers d\u2019action sont identifi\u00e9s, et il devient possible de redistribuer le pouvoir au sein de ce secteur. Le livre de Julie Battilana et Tiziana Casciaro est donc une invitation \u00e0 l\u2019action, mais aussi un manuel pour se saisir des opportunit\u00e9s de changement.<\/span><\/p>\n<p style=\"text-align: justify;\"><span style=\"font-weight: 400;\"><\/span><\/p>\n<p style=\"text-align: justify;\"><span style=\"font-weight: 400;\">N\u00e9anmoins, cela ne veut pas dire qu\u2019elles n\u00e9gligent la <\/span><b>dimension collective du pouvoir<\/b><span style=\"font-weight: 400;\">. Les <\/span><b>garde-fous institutionnels<\/b><span style=\"font-weight: 400;\"> sont essentiels pour que ceux et celles qui exercent le pouvoir ne deviennent pas autocratiques et conservent l\u2019empathie n\u00e9cessaire \u00e0 un usage b\u00e9n\u00e9fique du pouvoir.\u00a0<\/span><\/p>\n<p><span style=\"font-weight: 400;\"><\/span><\/p>\n<p><span style=\"font-weight: 400;\"><\/span><\/p>\n<p>[\/et_pb_text][\/et_pb_column][\/et_pb_row][et_pb_row _builder_version=\u00a0\u00bb4.21.0&Prime; _module_preset=\u00a0\u00bbdefault\u00a0\u00bb global_colors_info=\u00a0\u00bb{}\u00a0\u00bb][et_pb_column type=\u00a0\u00bb4_4&Prime; _builder_version=\u00a0\u00bb4.21.0&Prime; _module_preset=\u00a0\u00bbdefault\u00a0\u00bb global_colors_info=\u00a0\u00bb{}\u00a0\u00bb][et_pb_text _builder_version=\u00a0\u00bb4.21.0&Prime; _module_preset=\u00a0\u00bbdefault\u00a0\u00bb global_colors_info=\u00a0\u00bb{}\u00a0\u00bb]<\/p>\n<p style=\"text-align: justify;\"><span style=\"font-weight: 400;\">Ainsi, Julie Battilana a insist\u00e9 sur la <\/span><b>responsabilit\u00e9 \u00e9thique<\/b><span style=\"font-weight: 400;\"> li\u00e9e \u00e0 l&rsquo;exercice du pouvoir. Le pouvoir n&rsquo;est ni bon ni mauvais en soi, mais il devient un outil de transformation sociale lorsqu&rsquo;il est exerc\u00e9 de mani\u00e8re \u00e9thique, avec la capacit\u00e9 de r\u00e9soudre les in\u00e9galit\u00e9s et de favoriser la justice sociale. En comprenant et en ma\u00eetrisant les dynamiques du pouvoir, chacun peut devenir acteur du changement. Il est donc imp\u00e9ratif de prendre conscience de ses propres sources de pouvoir et de les utiliser pour influencer positivement son environnement.<\/span><\/p>\n<p style=\"text-align: justify;\"><span style=\"font-weight: 400;\">Ces questions complexes de r\u00e9partition et de limitation du pouvoir ont anim\u00e9 les \u00e9changes avec la salle. Notre oratrice a soulign\u00e9 l\u2019exemple des <\/span><b>organisations hybrides<\/b><span style=\"font-weight: 400;\">, qui peuvent apporter des r\u00e9ponses en combinant efficacit\u00e9 et inclusion dans l&rsquo;exercice du pouvoir.<\/span><\/p>\n<p style=\"text-align: justify;\"><span style=\"font-weight: 400;\">L\u2019ampleur des enjeux auxquels nous faisons face, comme les crises d\u00e9mocratiques et \u00e9cologiques rappel\u00e9es en d\u00e9but d\u2019intervention, exige que nous nous impliquions tous dans la prise du pouvoir ! <\/span><b>Le pouvoir n\u2019est pas seulement un privil\u00e8ge \u00e0 obtenir, mais une responsabilit\u00e9 \u00e0 partager et \u00e0 assumer.<\/b><\/p>\n<p>[\/et_pb_text][\/et_pb_column][\/et_pb_row][et_pb_row column_structure=\u00a0\u00bb2_5,3_5&Prime; _builder_version=\u00a0\u00bb4.21.0&Prime; _module_preset=\u00a0\u00bbdefault\u00a0\u00bb global_colors_info=\u00a0\u00bb{}\u00a0\u00bb][et_pb_column type=\u00a0\u00bb2_5&Prime; _builder_version=\u00a0\u00bb4.21.0&Prime; _module_preset=\u00a0\u00bbdefault\u00a0\u00bb global_colors_info=\u00a0\u00bb{}\u00a0\u00bb][et_pb_text _builder_version=\u00a0\u00bb4.21.0&Prime; _module_preset=\u00a0\u00bbdefault\u00a0\u00bb global_colors_info=\u00a0\u00bb{}\u00a0\u00bb]<\/p>\n<p>D\u00e9couvrez le replay de cette conf\u00e9rence !<\/p>\n<p>[\/et_pb_text][\/et_pb_column][et_pb_column type=\u00a0\u00bb3_5&Prime; _builder_version=\u00a0\u00bb4.21.0&Prime; _module_preset=\u00a0\u00bbdefault\u00a0\u00bb global_colors_info=\u00a0\u00bb{}\u00a0\u00bb][et_pb_video src=\u00a0\u00bbhttps:\/\/youtu.be\/P9J4vyuRQTc\u00a0\u00bb _builder_version=\u00a0\u00bb4.21.0&Prime; _module_preset=\u00a0\u00bbdefault\u00a0\u00bb width=\u00a0\u00bb99.9%\u00a0\u00bb global_colors_info=\u00a0\u00bb{}\u00a0\u00bb][\/et_pb_video][\/et_pb_column][\/et_pb_row][\/et_pb_section]<\/p>\n","protected":false},"excerpt":{"rendered":"<p>Le pouvoir, une responsabilit\u00e9 \u00e0 partager et \u00e0 assumer ? Conf\u00e9rence donn\u00e9e par Julie Battilana le 10 octobre 2024 \u00e0 l&rsquo;Ecole des MinesLors d&rsquo;une conf\u00e9rence donn\u00e9e \u00e0 l\u2019\u00c9cole des Mines de Paris, Julie Battilana, professeur d\u2019innovation sociale \u00e0 l\u2019universit\u00e9 Harvard, a pr\u00e9sent\u00e9 les grandes lignes de son ouvrage \u00ab\u00a0Le Pouvoir, pour Tous !\u00a0\u00bb, co-\u00e9crit avec [&hellip;]<\/p>\n","protected":false},"author":2,"featured_media":0,"parent":4665,"menu_order":4,"comment_status":"closed","ping_status":"closed","template":"","meta":{"_et_pb_use_builder":"on","_et_pb_old_content":"","_et_gb_content_width":"","inline_featured_image":false},"yoast_head":"<!-- This site is optimized with the Yoast SEO plugin v20.11 - https:\/\/yoast.com\/wordpress\/plugins\/seo\/ -->\n<title>Soir\u00e9e de lancement du livre de Julie Battilana - Centre Innovation Sociale et Ecologique<\/title>\n<meta name=\"description\" content=\"Innovation sociale - Entrepreneuriat social - Impact\" \/>\n<meta name=\"robots\" content=\"index, follow, max-snippet:-1, max-image-preview:large, max-video-preview:-1\" \/>\n<link rel=\"canonical\" href=\"https:\/\/centre-innovation-sociale-ecologique.essec.edu\/index.php\/ressources-pour-agir\/soiree-de-lancement-du-livre-de-julie-battilana\/\" \/>\n<meta property=\"og:locale\" content=\"fr_FR\" \/>\n<meta property=\"og:type\" content=\"article\" \/>\n<meta property=\"og:title\" content=\"Soir\u00e9e de lancement du livre de Julie Battilana - Centre Innovation Sociale et Ecologique\" \/>\n<meta property=\"og:description\" content=\"Innovation sociale - Entrepreneuriat social - Impact\" \/>\n<meta property=\"og:url\" content=\"https:\/\/centre-innovation-sociale-ecologique.essec.edu\/index.php\/ressources-pour-agir\/soiree-de-lancement-du-livre-de-julie-battilana\/\" \/>\n<meta property=\"og:site_name\" content=\"Centre Innovation Sociale et Ecologique\" \/>\n<meta property=\"article:modified_time\" content=\"2024-11-20T14:37:49+00:00\" \/>\n<meta name=\"twitter:card\" content=\"summary_large_image\" \/>\n<meta name=\"twitter:label1\" content=\"Dur\u00e9e de lecture estim\u00e9e\" \/>\n\t<meta name=\"twitter:data1\" content=\"3 minutes\" \/>\n<script type=\"application\/ld+json\" class=\"yoast-schema-graph\">{\"@context\":\"https:\/\/schema.org\",\"@graph\":[{\"@type\":\"WebPage\",\"@id\":\"https:\/\/centre-innovation-sociale-ecologique.essec.edu\/index.php\/ressources-pour-agir\/soiree-de-lancement-du-livre-de-julie-battilana\/\",\"url\":\"https:\/\/centre-innovation-sociale-ecologique.essec.edu\/index.php\/ressources-pour-agir\/soiree-de-lancement-du-livre-de-julie-battilana\/\",\"name\":\"Soir\u00e9e de lancement du livre de Julie Battilana - Centre Innovation Sociale et Ecologique\",\"isPartOf\":{\"@id\":\"https:\/\/centre-innovation-sociale-ecologique.essec.edu\/#website\"},\"datePublished\":\"2024-11-19T11:48:52+00:00\",\"dateModified\":\"2024-11-20T14:37:49+00:00\",\"description\":\"Innovation sociale - Entrepreneuriat social - Impact\",\"breadcrumb\":{\"@id\":\"https:\/\/centre-innovation-sociale-ecologique.essec.edu\/index.php\/ressources-pour-agir\/soiree-de-lancement-du-livre-de-julie-battilana\/#breadcrumb\"},\"inLanguage\":\"fr-FR\",\"potentialAction\":[{\"@type\":\"ReadAction\",\"target\":[\"https:\/\/centre-innovation-sociale-ecologique.essec.edu\/index.php\/ressources-pour-agir\/soiree-de-lancement-du-livre-de-julie-battilana\/\"]}]},{\"@type\":\"BreadcrumbList\",\"@id\":\"https:\/\/centre-innovation-sociale-ecologique.essec.edu\/index.php\/ressources-pour-agir\/soiree-de-lancement-du-livre-de-julie-battilana\/#breadcrumb\",\"itemListElement\":[{\"@type\":\"ListItem\",\"position\":1,\"name\":\"Home\",\"item\":\"https:\/\/centre-innovation-sociale-ecologique.essec.edu\/\"},{\"@type\":\"ListItem\",\"position\":2,\"name\":\"Ressources pour agir\",\"item\":\"https:\/\/centre-innovation-sociale-ecologique.essec.edu\/index.php\/ressources-pour-agir\/\"},{\"@type\":\"ListItem\",\"position\":3,\"name\":\"Soir\u00e9e de lancement du livre de Julie Battilana\"}]},{\"@type\":\"WebSite\",\"@id\":\"https:\/\/centre-innovation-sociale-ecologique.essec.edu\/#website\",\"url\":\"https:\/\/centre-innovation-sociale-ecologique.essec.edu\/\",\"name\":\"Centre Innovation Sociale et Ecologique\",\"description\":\"\",\"publisher\":{\"@id\":\"https:\/\/centre-innovation-sociale-ecologique.essec.edu\/#organization\"},\"potentialAction\":[{\"@type\":\"SearchAction\",\"target\":{\"@type\":\"EntryPoint\",\"urlTemplate\":\"https:\/\/centre-innovation-sociale-ecologique.essec.edu\/?s={search_term_string}\"},\"query-input\":\"required name=search_term_string\"}],\"inLanguage\":\"fr-FR\"},{\"@type\":\"Organization\",\"@id\":\"https:\/\/centre-innovation-sociale-ecologique.essec.edu\/#organization\",\"name\":\"Essec Business School\",\"url\":\"https:\/\/centre-innovation-sociale-ecologique.essec.edu\/\",\"logo\":{\"@type\":\"ImageObject\",\"inLanguage\":\"fr-FR\",\"@id\":\"https:\/\/centre-innovation-sociale-ecologique.essec.edu\/#\/schema\/logo\/image\/\",\"url\":\"https:\/\/impactinitiative.essec.edu\/wp-content\/uploads\/2020\/11\/ESSEC_BS_logo_BLANC.png\",\"contentUrl\":\"https:\/\/impactinitiative.essec.edu\/wp-content\/uploads\/2020\/11\/ESSEC_BS_logo_BLANC.png\",\"width\":546,\"height\":509,\"caption\":\"Essec Business School\"},\"image\":{\"@id\":\"https:\/\/centre-innovation-sociale-ecologique.essec.edu\/#\/schema\/logo\/image\/\"}}]}<\/script>\n<!-- \/ Yoast SEO plugin. -->","yoast_head_json":{"title":"Soir\u00e9e de lancement du livre de Julie Battilana - Centre Innovation Sociale et Ecologique","description":"Innovation sociale - Entrepreneuriat social - Impact","robots":{"index":"index","follow":"follow","max-snippet":"max-snippet:-1","max-image-preview":"max-image-preview:large","max-video-preview":"max-video-preview:-1"},"canonical":"https:\/\/centre-innovation-sociale-ecologique.essec.edu\/index.php\/ressources-pour-agir\/soiree-de-lancement-du-livre-de-julie-battilana\/","og_locale":"fr_FR","og_type":"article","og_title":"Soir\u00e9e de lancement du livre de Julie Battilana - Centre Innovation Sociale et Ecologique","og_description":"Innovation sociale - Entrepreneuriat social - Impact","og_url":"https:\/\/centre-innovation-sociale-ecologique.essec.edu\/index.php\/ressources-pour-agir\/soiree-de-lancement-du-livre-de-julie-battilana\/","og_site_name":"Centre Innovation Sociale et Ecologique","article_modified_time":"2024-11-20T14:37:49+00:00","twitter_card":"summary_large_image","twitter_misc":{"Dur\u00e9e de lecture estim\u00e9e":"3 minutes"},"schema":{"@context":"https:\/\/schema.org","@graph":[{"@type":"WebPage","@id":"https:\/\/centre-innovation-sociale-ecologique.essec.edu\/index.php\/ressources-pour-agir\/soiree-de-lancement-du-livre-de-julie-battilana\/","url":"https:\/\/centre-innovation-sociale-ecologique.essec.edu\/index.php\/ressources-pour-agir\/soiree-de-lancement-du-livre-de-julie-battilana\/","name":"Soir\u00e9e de lancement du livre de Julie Battilana - Centre Innovation Sociale et Ecologique","isPartOf":{"@id":"https:\/\/centre-innovation-sociale-ecologique.essec.edu\/#website"},"datePublished":"2024-11-19T11:48:52+00:00","dateModified":"2024-11-20T14:37:49+00:00","description":"Innovation sociale - Entrepreneuriat social - Impact","breadcrumb":{"@id":"https:\/\/centre-innovation-sociale-ecologique.essec.edu\/index.php\/ressources-pour-agir\/soiree-de-lancement-du-livre-de-julie-battilana\/#breadcrumb"},"inLanguage":"fr-FR","potentialAction":[{"@type":"ReadAction","target":["https:\/\/centre-innovation-sociale-ecologique.essec.edu\/index.php\/ressources-pour-agir\/soiree-de-lancement-du-livre-de-julie-battilana\/"]}]},{"@type":"BreadcrumbList","@id":"https:\/\/centre-innovation-sociale-ecologique.essec.edu\/index.php\/ressources-pour-agir\/soiree-de-lancement-du-livre-de-julie-battilana\/#breadcrumb","itemListElement":[{"@type":"ListItem","position":1,"name":"Home","item":"https:\/\/centre-innovation-sociale-ecologique.essec.edu\/"},{"@type":"ListItem","position":2,"name":"Ressources pour agir","item":"https:\/\/centre-innovation-sociale-ecologique.essec.edu\/index.php\/ressources-pour-agir\/"},{"@type":"ListItem","position":3,"name":"Soir\u00e9e de lancement du livre de Julie Battilana"}]},{"@type":"WebSite","@id":"https:\/\/centre-innovation-sociale-ecologique.essec.edu\/#website","url":"https:\/\/centre-innovation-sociale-ecologique.essec.edu\/","name":"Centre Innovation Sociale et Ecologique","description":"","publisher":{"@id":"https:\/\/centre-innovation-sociale-ecologique.essec.edu\/#organization"},"potentialAction":[{"@type":"SearchAction","target":{"@type":"EntryPoint","urlTemplate":"https:\/\/centre-innovation-sociale-ecologique.essec.edu\/?s={search_term_string}"},"query-input":"required name=search_term_string"}],"inLanguage":"fr-FR"},{"@type":"Organization","@id":"https:\/\/centre-innovation-sociale-ecologique.essec.edu\/#organization","name":"Essec Business School","url":"https:\/\/centre-innovation-sociale-ecologique.essec.edu\/","logo":{"@type":"ImageObject","inLanguage":"fr-FR","@id":"https:\/\/centre-innovation-sociale-ecologique.essec.edu\/#\/schema\/logo\/image\/","url":"https:\/\/impactinitiative.essec.edu\/wp-content\/uploads\/2020\/11\/ESSEC_BS_logo_BLANC.png","contentUrl":"https:\/\/impactinitiative.essec.edu\/wp-content\/uploads\/2020\/11\/ESSEC_BS_logo_BLANC.png","width":546,"height":509,"caption":"Essec Business School"},"image":{"@id":"https:\/\/centre-innovation-sociale-ecologique.essec.edu\/#\/schema\/logo\/image\/"}}]}},"_links":{"self":[{"href":"https:\/\/centre-innovation-sociale-ecologique.essec.edu\/index.php\/wp-json\/wp\/v2\/pages\/9317"}],"collection":[{"href":"https:\/\/centre-innovation-sociale-ecologique.essec.edu\/index.php\/wp-json\/wp\/v2\/pages"}],"about":[{"href":"https:\/\/centre-innovation-sociale-ecologique.essec.edu\/index.php\/wp-json\/wp\/v2\/types\/page"}],"author":[{"embeddable":true,"href":"https:\/\/centre-innovation-sociale-ecologique.essec.edu\/index.php\/wp-json\/wp\/v2\/users\/2"}],"replies":[{"embeddable":true,"href":"https:\/\/centre-innovation-sociale-ecologique.essec.edu\/index.php\/wp-json\/wp\/v2\/comments?post=9317"}],"version-history":[{"count":24,"href":"https:\/\/centre-innovation-sociale-ecologique.essec.edu\/index.php\/wp-json\/wp\/v2\/pages\/9317\/revisions"}],"predecessor-version":[{"id":9466,"href":"https:\/\/centre-innovation-sociale-ecologique.essec.edu\/index.php\/wp-json\/wp\/v2\/pages\/9317\/revisions\/9466"}],"up":[{"embeddable":true,"href":"https:\/\/centre-innovation-sociale-ecologique.essec.edu\/index.php\/wp-json\/wp\/v2\/pages\/4665"}],"wp:attachment":[{"href":"https:\/\/centre-innovation-sociale-ecologique.essec.edu\/index.php\/wp-json\/wp\/v2\/media?parent=9317"}],"curies":[{"name":"wp","href":"https:\/\/api.w.org\/{rel}","templated":true}]}}