{"id":1315,"date":"2021-03-15T16:44:50","date_gmt":"2021-03-15T15:44:50","guid":{"rendered":"https:\/\/impactinitiative.essec.edu\/?page_id=1315"},"modified":"2023-05-16T19:10:18","modified_gmt":"2023-05-16T17:10:18","slug":"mentions-legales-et-protection-des-donnees","status":"publish","type":"page","link":"https:\/\/centre-innovation-sociale-ecologique.essec.edu\/index.php\/mentions-legales-et-protection-des-donnees\/","title":{"rendered":"Mentions l\u00e9gales et protection des donn\u00e9es"},"content":{"rendered":"<p>[et_pb_section fb_built=\u00a0\u00bb1&Prime; _builder_version=\u00a0\u00bb4.16&Prime; _module_preset=\u00a0\u00bbdefault\u00a0\u00bb custom_padding=\u00a0\u00bb0px|||||\u00a0\u00bb global_colors_info=\u00a0\u00bb{}\u00a0\u00bb][et_pb_row _builder_version=\u00a0\u00bb4.16&Prime; _module_preset=\u00a0\u00bbdefault\u00a0\u00bb global_colors_info=\u00a0\u00bb{}\u00a0\u00bb][et_pb_column type=\u00a0\u00bb4_4&Prime; _builder_version=\u00a0\u00bb4.16&Prime; _module_preset=\u00a0\u00bbdefault\u00a0\u00bb global_colors_info=\u00a0\u00bb{}\u00a0\u00bb][et_pb_text _builder_version=\u00a0\u00bb4.21.0&Prime; _module_preset=\u00a0\u00bbdefault\u00a0\u00bb header_font=\u00a0\u00bb|700|||||||\u00a0\u00bb header_text_align=\u00a0\u00bbcenter\u00a0\u00bb header_text_color=\u00a0\u00bb#44a2a4&Prime; header_font_size=\u00a0\u00bb35px\u00a0\u00bb hover_enabled=\u00a0\u00bb0&Prime; global_colors_info=\u00a0\u00bb{}\u00a0\u00bb sticky_enabled=\u00a0\u00bb0&Prime;]<\/p>\n<div id=\"ultimate-heading-235fb02ab6613a8\" class=\"uvc-heading ult-adjust-bottom-margin ultimate-heading-235fb02ab6613a8 uvc-8273 title\" data-hspacer=\"no_spacer\" data-halign=\"center\">\n<div class=\"uvc-main-heading ult-responsive\" data-ultimate-target=\".uvc-heading.ultimate-heading-235fb02ab6613a8 h2\" data-responsive-json-new=\"{&quot;font-size&quot;:&quot;&quot;,&quot;line-height&quot;:&quot;&quot;}\">\n<h1 style=\"text-align: left;\">Mentions l\u00e9gales et protection des donn\u00e9es<\/h1>\n<\/div>\n<\/div>\n<p>[\/et_pb_text][et_pb_text _builder_version=\u00a0\u00bb4.16&Prime; _module_preset=\u00a0\u00bbdefault\u00a0\u00bb global_colors_info=\u00a0\u00bb{}\u00a0\u00bb]<\/p>\n<p><strong>\u00c9diteur<\/strong><\/p>\n<p>ESSEC &#8211; Centre Innovation Sociale et Ecologique<br \/>3 AVENUE BERNARD HIRSCH<br \/>CS 50105 CERGY<br \/>95021 CERGY PONTOISE CEDEX<br \/>FRANCE<br \/>Tel: 33 (0)1 34 43 30 00<br \/>Fax: 33 (0)1 34 43 30 01<\/p>\n<p><strong>\u00a0<\/strong><\/p>\n<p><strong>Responsabilit\u00e9 \u00e9ditoriale<\/strong><\/p>\n<p>Directeur de la publication : le Professeur titulaire de la Chaire Innovation Sociale de l\u2019ESSEC<\/p>\n<p><strong>\u00a0<\/strong><\/p>\n<p><strong>Conception, cr\u00e9ation, r\u00e9alisation &amp; h\u00e9bergement<\/strong><\/p>\n<p>Design : Mayane FOUQUET-DELAGE<\/p>\n<p>Conception\u00a0: Junior CentraleSup\u00e9lec &#8211; 3 rue Joliot Curie &#8211; 91190 Gif-Sur-Yvette Cedex \u2013 France<\/p>\n<p>H\u00e9bergement\u00a0: OVH &#8211; 2 rue Kellermann \u2013 59100 Roubaix \u2013 France<\/p>\n<p><strong>\u00a0<\/strong><\/p>\n<p><strong>Cookies<\/strong><\/p>\n<p>Politique de cookies\u00a0: <a href=\"https:\/\/impactinitiative.essec.edu\/index.php\/cookie-policy-eu\/\" target=\"_blank\" rel=\"nofollow\">https:\/\/impactinitiative.essec.edu\/index.php\/cookie-policy-eu\/<\/a><\/p>\n<p><strong>\u00a0<\/strong><\/p>\n<p><strong>Donn\u00e9es personnelles<\/strong><\/p>\n<p>Les donn\u00e9es personnelles recueillies dans le cadre de ce site font l&rsquo;objet d&rsquo;un traitement automatis\u00e9 conforme au r\u00e8glement europ\u00e9en (UE) 2016\/679 du 27 avril 2016 et \u00e0 la loi \u00ab\u00a0Informatique, fichiers et libert\u00e9s\u00a0\u00bb n\u00b0 78-17 du 6 janvier 1978 modifi\u00e9e par la loi n\u00b0 2004-801 du 6 Aout 2004.<\/p>\n<p>Le responsable des traitements est le Directeur G\u00e9n\u00e9ral du Groupe ESSEC (<a href=\"mailto:dgdp@essec.fr\" target=\"_blank\" rel=\"nofollow\">dgdp@essec.edu<\/a>)<\/p>\n<p>Les traitements ont pour finalit\u00e9 de vous inscrire \u00e0 la newsletter de l\u2019ESSEC Impact Initiative, de vous informer d&rsquo;une actualit\u00e9 particuli\u00e8re et de vous inviter \u00e0 des \u00e9v\u00e9nements<\/p>\n<p>La base l\u00e9gale est le consentement<\/p>\n<p>Les informations collect\u00e9es sont destin\u00e9es \u00e0 la Chaire Innovation et Entrepreneuriat Social.<\/p>\n<p>Pour toute question relative \u00e0 ces traitements, pour exercer vos droits d&rsquo;acc\u00e8s, de rectification ou d&rsquo;opposition pr\u00e9vus par la loi, vous pouvez vous adresser par courrier \u00e9lectronique au D\u00e9l\u00e9gu\u00e9 \u00e0 la Protection des Donn\u00e9es du Groupe ESSEC (<a href=\"mailto:dpd@essec.fr\" target=\"_blank\" rel=\"nofollow\">dpd@essec.fr<\/a>). Pour retirer votre consentement, vous pouvez vous d\u00e9sinscrire sur le site ou cliquer sur \u00ab\u00a0se d\u00e9sinscrire\u00a0\u00bb au bas de chaque \u00e9dition de la newsletter.<\/p>\n<p><strong>\u00a0<\/strong><\/p>\n<p><strong>Propri\u00e9t\u00e9 Intellectuelle<\/strong><\/p>\n<p>L\u2019ensemble de ce site rel\u00e8ve de la l\u00e9gislation fran\u00e7aise sur le droit d\u2019auteur et la propri\u00e9t\u00e9 intellectuelle. Tous les droits de reproduction sont r\u00e9serv\u00e9s, y compris pour les documents t\u00e9l\u00e9chargeables et les repr\u00e9sentations iconographiques et photographiques.<\/p>\n<p>La reproduction de tout ou partie de ce site sur un support \u00e9lectronique quel qu\u2019il soit est formellement interdite &#8211; sauf autorisation expresse du Professeur titulaire de la Chaire Innovation sociale de l\u2019ESSEC qui est \u00e9galement directeur de publication. Vous pouvez \u00e9crire \u00e0 la Direction de la Communication qui se chargera de transmettre votre demande et vous fera part de la r\u00e9ponse du directeur de publication.<\/p>\n<p>La reproduction des textes de ce site sur un support papier est autoris\u00e9e, tout particuli\u00e8rement dans le cadre p\u00e9dagogique, sous r\u00e9serve du respect des trois conditions suivantes :<\/p>\n<ul>\n<li>gratuit\u00e9 de la diffusion,<\/li>\n<li>respect de l\u2019int\u00e9grit\u00e9 des documents reproduits : pas de modification ni alt\u00e9ration d\u2019aucune sorte,<\/li>\n<li>citation claire et lisible de la source sous la forme suivante :<\/li>\n<\/ul>\n<p><em>Ce document provient du site internet Centre Innovation Sociale et \u00c9cologique <\/em><a href=\"https:\/\/impactinitiative.essec.edu\/\" target=\"_blank\" rel=\"nofollow\"><em>https:\/\/impactinitiative.essec.edu\/<\/em><\/a><em><br \/>Les droits de reproduction sont r\u00e9serv\u00e9s et strictement limit\u00e9s.<\/em><\/p>\n<p><strong>L\u2019adresse internet du site Centre Innovation Sociale et \u00c9cologique doit imp\u00e9rativement figurer dans la r\u00e9f\u00e9rence<\/strong><\/p>\n<p>[\/et_pb_text][\/et_pb_column][\/et_pb_row][\/et_pb_section]<\/p>\n","protected":false},"excerpt":{"rendered":"<p>Mentions l\u00e9gales et protection des donn\u00e9es \u00c9diteur ESSEC &#8211; Centre Innovation Sociale et Ecologique3 AVENUE BERNARD HIRSCHCS 50105 CERGY95021 CERGY PONTOISE CEDEXFRANCETel: 33 (0)1 34 43 30 00Fax: 33 (0)1 34 43 30 01 \u00a0 Responsabilit\u00e9 \u00e9ditoriale Directeur de la publication : le Professeur titulaire de la Chaire Innovation Sociale de l\u2019ESSEC \u00a0 Conception, cr\u00e9ation, [&hellip;]<\/p>\n","protected":false},"author":2,"featured_media":0,"parent":0,"menu_order":0,"comment_status":"closed","ping_status":"closed","template":"","meta":{"_et_pb_use_builder":"on","_et_pb_old_content":"<h1 style=\"text-align: center;\">Mentions l\u00e9gales et protection des donn\u00e9es<\/h1><p><strong>\u00a0<\/strong><\/p><p><strong>\u00c9diteur<\/strong><\/p><p>ESSEC - Chaire Innovation et Entrepreneuriat social <br \/>3 AVENUE BERNARD HIRSCH<br \/>CS 50105 CERGY<br \/>95021 CERGY PONTOISE CEDEX<br \/>FRANCE<br \/>Tel: 33 (0)1 34 43 30 00<br \/>Fax: 33 (0)1 34 43 30 01<\/p><p><strong>\u00a0<\/strong><\/p><p><strong>Responsabilit\u00e9 \u00e9ditoriale<\/strong><\/p><p>Directeur de la publication : le Professeur titulaire de la Chaire Innovation et Entrepreneuriat social de l\u2019ESSEC<\/p><p><strong>\u00a0<\/strong><\/p><p><strong>Conception, cr\u00e9ation, r\u00e9alisation & h\u00e9bergement<\/strong><\/p><p>Design\u00a0: Sandrine Yvrenogeau<\/p><p>Conception\u00a0: Junior CentraleSup\u00e9lec - 3 rue Joliot Curie - 91190 Gif-Sur-Yvette Cedex \u2013 France<\/p><p>H\u00e9bergement\u00a0: OVH - 2 rue Kellermann \u2013 59100 Roubaix \u2013 France<\/p><p><strong>\u00a0<\/strong><\/p><p><strong>Cookies<\/strong><\/p><p>Politique de cookies\u00a0: https:\/\/impactinitiative.essec.edu\/index.php\/cookie-policy-eu\/<\/p><p><strong>\u00a0<\/strong><\/p><p><strong>Donn\u00e9es personnelles<\/strong><\/p><p>Les donn\u00e9es personnelles recueillies dans le cadre de ce site font l'objet d'un traitement automatis\u00e9 conforme au r\u00e8glement europ\u00e9en (UE) 2016\/679 du 27 avril 2016 et \u00e0 la loi \"Informatique, fichiers et libert\u00e9s\" n\u00b0 78-17 du 6 janvier 1978 modifi\u00e9e par la loi n\u00b0 2004-801 du 6 Aout 2004.<\/p><p>Le responsable des traitements est le Directeur G\u00e9n\u00e9ral du Groupe ESSEC (<a href=\"mailto:dgdp@essec.fr\">dgdp@essec.edu<\/a>)<\/p><p>Les traitements ont pour finalit\u00e9 de vous inscrire \u00e0 la newsletter de l\u2019ESSEC Impact Initiative, de vous informer d'une actualit\u00e9 particuli\u00e8re et de vous inviter \u00e0 des \u00e9v\u00e9nements<\/p><p>La base l\u00e9gale est le consentement<\/p><p>Les informations collect\u00e9es sont destin\u00e9es \u00e0 la Chaire IES<br \/><br \/>Pour toute question relative \u00e0 ces traitements, pour exercer vos droits d'acc\u00e8s, de rectification ou d'opposition pr\u00e9vus par la loi, vous pouvez vous adresser par courrier \u00e9lectronique au D\u00e9l\u00e9gu\u00e9 \u00e0 la Protection des Donn\u00e9es du Groupe ESSEC (<a href=\"mailto:dpd@essec.fr\">dpd@essec.fr<\/a>). Pour retirer votre consentement, vous pouvez vous d\u00e9sinscrire sur le site ou cliquer sur \u00ab\u00a0se d\u00e9sinscrire\u00a0\u00bb au bas de chaque \u00e9dition de la newsletter.<\/p><p><strong>\u00a0<\/strong><\/p><p><strong>Propri\u00e9t\u00e9 Intellectuelle<\/strong><\/p><p>L\u2019ensemble de ce site rel\u00e8ve de la l\u00e9gislation fran\u00e7aise sur le droit d\u2019auteur et la propri\u00e9t\u00e9 intellectuelle. Tous les droits de reproduction sont r\u00e9serv\u00e9s, y compris pour les documents t\u00e9l\u00e9chargeables et les repr\u00e9sentations iconographiques et photographiques.<br \/><br \/>La reproduction de tout ou partie de ce site sur un support \u00e9lectronique quel qu\u2019il soit est formellement interdite - sauf autorisation expresse du Professeur titulaire de la Chaire Innovation et Entrepreneuriat social de l\u2019ESSEC qui est \u00e9galement directeur de publication. Vous pouvez \u00e9crire \u00e0 la Direction de la Communication qui se chargera de transmettre votre demande et vous fera part de la r\u00e9ponse du directeur de publication.<br \/><br \/>La reproduction des textes de ce site sur un support papier est autoris\u00e9e, tout particuli\u00e8rement dans le cadre p\u00e9dagogique, sous r\u00e9serve du respect des trois conditions suivantes :<\/p><ul><li>gratuit\u00e9 de la diffusion,<\/li><li>respect de l\u2019int\u00e9grit\u00e9 des documents reproduits : pas de modification ni alt\u00e9ration d\u2019aucune sorte,<\/li><li>citation claire et lisible de la source sous la forme suivante :<\/li><\/ul><p><em>Ce document provient du site internet ESSEC Impact Initiative <\/em><a href=\"https:\/\/impactinitiative.essec.edu\/\"><em>https:\/\/impactinitiative.essec.edu\/<\/em><\/a><em><br \/>Les droits de reproduction sont r\u00e9serv\u00e9s et strictement limit\u00e9s.<\/em><br \/><br \/><strong>L\u2019adresse internet du site ESSEC Impact Initiative doit imp\u00e9rativement figurer dans la r\u00e9f\u00e9rence<\/strong><\/p>","_et_gb_content_width":"","inline_featured_image":false},"yoast_head":"<!-- This site is optimized with the Yoast SEO plugin v20.11 - https:\/\/yoast.com\/wordpress\/plugins\/seo\/ -->\n<title>Mentions l\u00e9gales et protection des donn\u00e9es - Centre Innovation Sociale et Ecologique<\/title>\n<meta name=\"description\" content=\"Innovation sociale - Entrepreneuriat social - Impact\" \/>\n<meta name=\"robots\" content=\"index, follow, max-snippet:-1, max-image-preview:large, max-video-preview:-1\" \/>\n<link rel=\"canonical\" href=\"https:\/\/centre-innovation-sociale-ecologique.essec.edu\/index.php\/mentions-legales-et-protection-des-donnees\/\" \/>\n<meta property=\"og:locale\" content=\"fr_FR\" \/>\n<meta property=\"og:type\" content=\"article\" \/>\n<meta property=\"og:title\" content=\"Mentions l\u00e9gales et protection des donn\u00e9es - Centre Innovation Sociale et Ecologique\" \/>\n<meta property=\"og:description\" content=\"Innovation sociale - Entrepreneuriat social - Impact\" \/>\n<meta property=\"og:url\" content=\"https:\/\/centre-innovation-sociale-ecologique.essec.edu\/index.php\/mentions-legales-et-protection-des-donnees\/\" \/>\n<meta property=\"og:site_name\" content=\"Centre Innovation Sociale et Ecologique\" \/>\n<meta property=\"article:modified_time\" content=\"2023-05-16T17:10:18+00:00\" \/>\n<meta name=\"twitter:card\" content=\"summary_large_image\" \/>\n<meta name=\"twitter:label1\" content=\"Dur\u00e9e de lecture estim\u00e9e\" \/>\n\t<meta name=\"twitter:data1\" content=\"3 minutes\" \/>\n<script type=\"application\/ld+json\" class=\"yoast-schema-graph\">{\"@context\":\"https:\/\/schema.org\",\"@graph\":[{\"@type\":\"WebPage\",\"@id\":\"https:\/\/centre-innovation-sociale-ecologique.essec.edu\/index.php\/mentions-legales-et-protection-des-donnees\/\",\"url\":\"https:\/\/centre-innovation-sociale-ecologique.essec.edu\/index.php\/mentions-legales-et-protection-des-donnees\/\",\"name\":\"Mentions l\u00e9gales et protection des donn\u00e9es - Centre Innovation Sociale et Ecologique\",\"isPartOf\":{\"@id\":\"https:\/\/centre-innovation-sociale-ecologique.essec.edu\/#website\"},\"datePublished\":\"2021-03-15T15:44:50+00:00\",\"dateModified\":\"2023-05-16T17:10:18+00:00\",\"description\":\"Innovation sociale - Entrepreneuriat social - Impact\",\"breadcrumb\":{\"@id\":\"https:\/\/centre-innovation-sociale-ecologique.essec.edu\/index.php\/mentions-legales-et-protection-des-donnees\/#breadcrumb\"},\"inLanguage\":\"fr-FR\",\"potentialAction\":[{\"@type\":\"ReadAction\",\"target\":[\"https:\/\/centre-innovation-sociale-ecologique.essec.edu\/index.php\/mentions-legales-et-protection-des-donnees\/\"]}]},{\"@type\":\"BreadcrumbList\",\"@id\":\"https:\/\/centre-innovation-sociale-ecologique.essec.edu\/index.php\/mentions-legales-et-protection-des-donnees\/#breadcrumb\",\"itemListElement\":[{\"@type\":\"ListItem\",\"position\":1,\"name\":\"Home\",\"item\":\"https:\/\/centre-innovation-sociale-ecologique.essec.edu\/\"},{\"@type\":\"ListItem\",\"position\":2,\"name\":\"Mentions l\u00e9gales et protection des donn\u00e9es\"}]},{\"@type\":\"WebSite\",\"@id\":\"https:\/\/centre-innovation-sociale-ecologique.essec.edu\/#website\",\"url\":\"https:\/\/centre-innovation-sociale-ecologique.essec.edu\/\",\"name\":\"Centre Innovation Sociale et Ecologique\",\"description\":\"\",\"publisher\":{\"@id\":\"https:\/\/centre-innovation-sociale-ecologique.essec.edu\/#organization\"},\"potentialAction\":[{\"@type\":\"SearchAction\",\"target\":{\"@type\":\"EntryPoint\",\"urlTemplate\":\"https:\/\/centre-innovation-sociale-ecologique.essec.edu\/?s={search_term_string}\"},\"query-input\":\"required name=search_term_string\"}],\"inLanguage\":\"fr-FR\"},{\"@type\":\"Organization\",\"@id\":\"https:\/\/centre-innovation-sociale-ecologique.essec.edu\/#organization\",\"name\":\"Essec Business School\",\"url\":\"https:\/\/centre-innovation-sociale-ecologique.essec.edu\/\",\"logo\":{\"@type\":\"ImageObject\",\"inLanguage\":\"fr-FR\",\"@id\":\"https:\/\/centre-innovation-sociale-ecologique.essec.edu\/#\/schema\/logo\/image\/\",\"url\":\"https:\/\/impactinitiative.essec.edu\/wp-content\/uploads\/2020\/11\/ESSEC_BS_logo_BLANC.png\",\"contentUrl\":\"https:\/\/impactinitiative.essec.edu\/wp-content\/uploads\/2020\/11\/ESSEC_BS_logo_BLANC.png\",\"width\":546,\"height\":509,\"caption\":\"Essec Business School\"},\"image\":{\"@id\":\"https:\/\/centre-innovation-sociale-ecologique.essec.edu\/#\/schema\/logo\/image\/\"}}]}<\/script>\n<!-- \/ Yoast SEO plugin. -->","yoast_head_json":{"title":"Mentions l\u00e9gales et protection des donn\u00e9es - Centre Innovation Sociale et Ecologique","description":"Innovation sociale - Entrepreneuriat social - Impact","robots":{"index":"index","follow":"follow","max-snippet":"max-snippet:-1","max-image-preview":"max-image-preview:large","max-video-preview":"max-video-preview:-1"},"canonical":"https:\/\/centre-innovation-sociale-ecologique.essec.edu\/index.php\/mentions-legales-et-protection-des-donnees\/","og_locale":"fr_FR","og_type":"article","og_title":"Mentions l\u00e9gales et protection des donn\u00e9es - Centre Innovation Sociale et Ecologique","og_description":"Innovation sociale - Entrepreneuriat social - Impact","og_url":"https:\/\/centre-innovation-sociale-ecologique.essec.edu\/index.php\/mentions-legales-et-protection-des-donnees\/","og_site_name":"Centre Innovation Sociale et Ecologique","article_modified_time":"2023-05-16T17:10:18+00:00","twitter_card":"summary_large_image","twitter_misc":{"Dur\u00e9e de lecture estim\u00e9e":"3 minutes"},"schema":{"@context":"https:\/\/schema.org","@graph":[{"@type":"WebPage","@id":"https:\/\/centre-innovation-sociale-ecologique.essec.edu\/index.php\/mentions-legales-et-protection-des-donnees\/","url":"https:\/\/centre-innovation-sociale-ecologique.essec.edu\/index.php\/mentions-legales-et-protection-des-donnees\/","name":"Mentions l\u00e9gales et protection des donn\u00e9es - Centre Innovation Sociale et Ecologique","isPartOf":{"@id":"https:\/\/centre-innovation-sociale-ecologique.essec.edu\/#website"},"datePublished":"2021-03-15T15:44:50+00:00","dateModified":"2023-05-16T17:10:18+00:00","description":"Innovation sociale - Entrepreneuriat social - Impact","breadcrumb":{"@id":"https:\/\/centre-innovation-sociale-ecologique.essec.edu\/index.php\/mentions-legales-et-protection-des-donnees\/#breadcrumb"},"inLanguage":"fr-FR","potentialAction":[{"@type":"ReadAction","target":["https:\/\/centre-innovation-sociale-ecologique.essec.edu\/index.php\/mentions-legales-et-protection-des-donnees\/"]}]},{"@type":"BreadcrumbList","@id":"https:\/\/centre-innovation-sociale-ecologique.essec.edu\/index.php\/mentions-legales-et-protection-des-donnees\/#breadcrumb","itemListElement":[{"@type":"ListItem","position":1,"name":"Home","item":"https:\/\/centre-innovation-sociale-ecologique.essec.edu\/"},{"@type":"ListItem","position":2,"name":"Mentions l\u00e9gales et protection des donn\u00e9es"}]},{"@type":"WebSite","@id":"https:\/\/centre-innovation-sociale-ecologique.essec.edu\/#website","url":"https:\/\/centre-innovation-sociale-ecologique.essec.edu\/","name":"Centre Innovation Sociale et Ecologique","description":"","publisher":{"@id":"https:\/\/centre-innovation-sociale-ecologique.essec.edu\/#organization"},"potentialAction":[{"@type":"SearchAction","target":{"@type":"EntryPoint","urlTemplate":"https:\/\/centre-innovation-sociale-ecologique.essec.edu\/?s={search_term_string}"},"query-input":"required name=search_term_string"}],"inLanguage":"fr-FR"},{"@type":"Organization","@id":"https:\/\/centre-innovation-sociale-ecologique.essec.edu\/#organization","name":"Essec Business School","url":"https:\/\/centre-innovation-sociale-ecologique.essec.edu\/","logo":{"@type":"ImageObject","inLanguage":"fr-FR","@id":"https:\/\/centre-innovation-sociale-ecologique.essec.edu\/#\/schema\/logo\/image\/","url":"https:\/\/impactinitiative.essec.edu\/wp-content\/uploads\/2020\/11\/ESSEC_BS_logo_BLANC.png","contentUrl":"https:\/\/impactinitiative.essec.edu\/wp-content\/uploads\/2020\/11\/ESSEC_BS_logo_BLANC.png","width":546,"height":509,"caption":"Essec Business School"},"image":{"@id":"https:\/\/centre-innovation-sociale-ecologique.essec.edu\/#\/schema\/logo\/image\/"}}]}},"_links":{"self":[{"href":"https:\/\/centre-innovation-sociale-ecologique.essec.edu\/index.php\/wp-json\/wp\/v2\/pages\/1315"}],"collection":[{"href":"https:\/\/centre-innovation-sociale-ecologique.essec.edu\/index.php\/wp-json\/wp\/v2\/pages"}],"about":[{"href":"https:\/\/centre-innovation-sociale-ecologique.essec.edu\/index.php\/wp-json\/wp\/v2\/types\/page"}],"author":[{"embeddable":true,"href":"https:\/\/centre-innovation-sociale-ecologique.essec.edu\/index.php\/wp-json\/wp\/v2\/users\/2"}],"replies":[{"embeddable":true,"href":"https:\/\/centre-innovation-sociale-ecologique.essec.edu\/index.php\/wp-json\/wp\/v2\/comments?post=1315"}],"version-history":[{"count":7,"href":"https:\/\/centre-innovation-sociale-ecologique.essec.edu\/index.php\/wp-json\/wp\/v2\/pages\/1315\/revisions"}],"predecessor-version":[{"id":7273,"href":"https:\/\/centre-innovation-sociale-ecologique.essec.edu\/index.php\/wp-json\/wp\/v2\/pages\/1315\/revisions\/7273"}],"wp:attachment":[{"href":"https:\/\/centre-innovation-sociale-ecologique.essec.edu\/index.php\/wp-json\/wp\/v2\/media?parent=1315"}],"curies":[{"name":"wp","href":"https:\/\/api.w.org\/{rel}","templated":true}]}}